{"id":7,"date":"2025-08-22T00:07:55","date_gmt":"2025-08-22T00:07:55","guid":{"rendered":"http:\/\/mcia.ubiobio.cl\/?page_id=7"},"modified":"2026-01-15T16:34:08","modified_gmt":"2026-01-15T20:34:08","slug":"home","status":"publish","type":"page","link":"https:\/\/mcia.ubiobio.cl\/","title":{"rendered":"Inicio"},"content":{"rendered":"\t\t<div data-elementor-type=\"wp-page\" data-elementor-id=\"7\" class=\"elementor elementor-7\" data-elementor-post-type=\"page\">\n\t\t\t\t<div class=\"elementor-element elementor-element-0c56161 e-con-full e-flex e-con e-parent\" data-id=\"0c56161\" data-element_type=\"container\">\n\t\t\t\t<div class=\"elementor-element elementor-element-c8e7765 elementor-widget__width-inherit elementor--h-position-left elementor--v-position-bottom elementor-arrows-position-inside elementor-widget elementor-widget-slides\" data-id=\"c8e7765\" data-element_type=\"widget\" data-settings=\"{&quot;transition_speed&quot;:1000,&quot;navigation&quot;:&quot;arrows&quot;,&quot;autoplay&quot;:&quot;yes&quot;,&quot;autoplay_speed&quot;:5000,&quot;infinite&quot;:&quot;yes&quot;,&quot;transition&quot;:&quot;slide&quot;}\" data-widget_type=\"slides.default\">\n\t\t\t\t\t\t\t\t\t\t<div class=\"elementor-slides-wrapper elementor-main-swiper swiper\" role=\"region\" aria-roledescription=\"carousel\" aria-label=\"Slides\" dir=\"ltr\" data-animation=\"fadeInDown\">\n\t\t\t\t<div class=\"swiper-wrapper elementor-slides\">\n\t\t\t\t\t\t\t\t\t\t<div class=\"elementor-repeater-item-88b5409 swiper-slide\" role=\"group\" aria-roledescription=\"slide\"><div class=\"swiper-slide-bg\" role=\"img\" aria-label=\"WhatsApp Image 2026-01-06 at 12.16.44\"><\/div><div class=\"swiper-slide-inner\" ><div class=\"swiper-slide-contents\"><h3 class=\"elementor-slide-heading\">Haz click aqu\u00ed<\/h3><a href=\"https:\/\/mcia.ubiobio.cl\/?page_id=145\" class=\"elementor-button elementor-slide-button elementor-size-xs\">Ficha Inscripci\u00f3n<\/a><\/div><\/div><\/div><div class=\"elementor-repeater-item-ddf1960 swiper-slide\" role=\"group\" aria-roledescription=\"slide\"><div class=\"swiper-slide-bg\" role=\"img\" aria-label=\"Banner de Mensaje de Bienvenida de Regreso a Clases en Azul Amarillo estilo Gr\u00e1fico Limpio (9)\"><\/div><a class=\"swiper-slide-inner\" href=\"https:\/\/mcia.ubiobio.cl\/?page_id=132\"><div class=\"swiper-slide-contents\"><\/div><\/a><\/div><div class=\"elementor-repeater-item-c05f547 swiper-slide\" role=\"group\" aria-roledescription=\"slide\"><div class=\"swiper-slide-bg\" role=\"img\" aria-label=\"Banner de Mensaje de Bienvenida de Regreso a Clases en Azul Amarillo estilo Gr\u00e1fico Limpio (10)\"><\/div><a class=\"swiper-slide-inner\" href=\"https:\/\/postgrados.ubiobio.cl\/Becas\/\"><div class=\"swiper-slide-contents\"><\/div><\/a><\/div>\t\t\t\t<\/div>\n\t\t\t\t\t\t\t\t\t\t\t\t\t\t\t<div class=\"elementor-swiper-button elementor-swiper-button-prev\" role=\"button\" tabindex=\"0\" aria-label=\"Previous slide\">\n\t\t\t\t\t\t\t<svg aria-hidden=\"true\" class=\"e-font-icon-svg e-eicon-chevron-left\" viewBox=\"0 0 1000 1000\" xmlns=\"http:\/\/www.w3.org\/2000\/svg\"><path d=\"M646 125C629 125 613 133 604 142L308 442C296 454 292 471 292 487 292 504 296 521 308 533L604 854C617 867 629 875 646 875 663 875 679 871 692 858 704 846 713 829 713 812 713 796 708 779 692 767L438 487 692 225C700 217 708 204 708 187 708 171 704 154 692 142 675 129 663 125 646 125Z\"><\/path><\/svg>\t\t\t\t\t\t<\/div>\n\t\t\t\t\t\t<div class=\"elementor-swiper-button elementor-swiper-button-next\" role=\"button\" tabindex=\"0\" aria-label=\"Next slide\">\n\t\t\t\t\t\t\t<svg aria-hidden=\"true\" class=\"e-font-icon-svg e-eicon-chevron-right\" viewBox=\"0 0 1000 1000\" xmlns=\"http:\/\/www.w3.org\/2000\/svg\"><path d=\"M696 533C708 521 713 504 713 487 713 471 708 454 696 446L400 146C388 133 375 125 354 125 338 125 325 129 313 142 300 154 292 171 292 187 292 204 296 221 308 233L563 492 304 771C292 783 288 800 288 817 288 833 296 850 308 863 321 871 338 875 354 875 371 875 388 867 400 854L696 533Z\"><\/path><\/svg>\t\t\t\t\t\t<\/div>\n\t\t\t\t\t\t\t\t\t\t\t\t\t\t\t\t\t<\/div>\n\t\t\t\t\t\t\t\t<\/div>\n\t\t\t\t<\/div>\n\t\t<div class=\"elementor-element elementor-element-64f5f963 e-flex e-con-boxed e-con e-parent\" data-id=\"64f5f963\" data-element_type=\"container\">\n\t\t\t\t\t<div class=\"e-con-inner\">\n\t\t\t\t<div class=\"elementor-element elementor-element-33c21964 elementor-widget elementor-widget-text-editor\" data-id=\"33c21964\" data-element_type=\"widget\" data-widget_type=\"text-editor.default\">\n\t\t\t\t\t\t\t\t\t\n<figure class=\"wp-block-gallery has-nested-images columns-default wp-block-gallery-3 is-layout-flex wp-block-gallery-is-layout-flex\"><\/figure>\n\n<p>\u00a0<\/p>\n\n<div class=\"wp-block-group alignfull has-ast-global-color-5-background-color has-background is-layout-constrained wp-container-core-group-is-layout-9cedb757 wp-block-group-is-layout-constrained\" style=\"padding-bottom: 0px;\">\n<div class=\"wp-block-columns are-vertically-aligned-top is-layout-flex wp-container-core-columns-is-layout-00723822 wp-block-columns-is-layout-flex\">\n<div class=\"wp-block-column is-vertically-aligned-top is-layout-flow wp-container-core-column-is-layout-6b73ce23 wp-block-column-is-layout-flow\"><br \/>\n<figure class=\"wp-block-image size-large\" style=\"padding-left: 40px;\"><img decoding=\"async\" class=\"wp-image-134 aligncenter\" src=\"http:\/\/mcia.ubiobio.cl\/wp-content\/themes\/astra\/inc\/assets\/images\/starter-content\/building.svg\" alt=\"\" \/><\/figure>\n\n<h3 class=\"wp-block-heading has-text-align-center\" style=\"margin-top: 16px; text-align: center; padding-left: 40px;\">Acad\u00e9micos del m\u00e1s alto nivel<\/h3>\n\n<p class=\"has-text-align-center\" style=\"text-align: left; padding-left: 80px;\">Acad\u00e9micos con m\u00e1s de 30 a\u00f1os de experiencia nacional e internacional.<\/p>\n<\/div>\n\n<div class=\"wp-block-column is-vertically-aligned-top is-layout-flow wp-container-core-column-is-layout-6b73ce23 wp-block-column-is-layout-flow\"> <br \/>\n<figure class=\"wp-block-image size-large\"><img decoding=\"async\" class=\"wp-image-135 aligncenter\" src=\"http:\/\/mcia.ubiobio.cl\/wp-content\/themes\/astra\/inc\/assets\/images\/starter-content\/shopping-bag.svg\" alt=\"\" \/><\/figure>\n\n<h3 class=\"wp-block-heading has-text-align-center\" style=\"margin-top: 16px; text-align: center;\">Amplia cantidad de becas<\/h3>\n\n<p class=\"has-text-align-center\" style=\"text-align: left; padding-left: 40px;\">Contamos con gran cantidad de becas internas.<\/p>\n<\/div>\n\n<div class=\"wp-block-column is-vertically-aligned-top is-layout-flow wp-container-core-column-is-layout-6b73ce23 wp-block-column-is-layout-flow\"> <br \/>\n<figure class=\"wp-block-image size-large\"><img decoding=\"async\" class=\"wp-image-136 aligncenter\" src=\"http:\/\/mcia.ubiobio.cl\/wp-content\/themes\/astra\/inc\/assets\/images\/starter-content\/blog.svg\" alt=\"\" \/><\/figure>\n\n<h3 class=\"wp-block-heading has-text-align-center\" style=\"margin-top: 16px; text-align: center;\">Diversas \u00e1reas de investigaci\u00f3n en alimentos<\/h3>\n\n<p class=\"has-text-align-center\" style=\"text-align: left; padding-left: 40px;\">Ciencia de los alimentos; valorizaci\u00f3n de biorresiduos, tecnolog\u00edas emergentes, etc.<\/p>\n\n<p>\u00a0<\/p>\n<\/div>\n\n<div class=\"wp-block-column is-vertically-aligned-top is-layout-flow wp-container-core-column-is-layout-6b73ce23 wp-block-column-is-layout-flow\"> <br \/>\n<figure class=\"wp-block-image size-large\"><img decoding=\"async\" class=\"wp-image-137 aligncenter\" src=\"http:\/\/mcia.ubiobio.cl\/wp-content\/themes\/astra\/inc\/assets\/images\/starter-content\/portfolio.svg\" alt=\"\" \/><\/figure>\n\n<h3 class=\"wp-block-heading has-text-align-center\" style=\"margin-top: 16px; text-align: center;\">Acreditado<\/h3>\n\n<p class=\"has-text-align-center\" style=\"text-align: left;\">Programa acreditado 6 a\u00f1os por la CNA.<\/p>\n<\/div>\n<\/div>\n<\/div>\n\n<div id=\"services\" class=\"wp-block-group alignfull is-layout-constrained wp-container-core-group-is-layout-aca85f8d wp-block-group-is-layout-constrained\" style=\"padding-top: 40px; padding-bottom: 40px;\">\n<h2 class=\"wp-block-heading\" style=\"padding-left: 40px;\">Con\u00f3cenos&#8230;<\/h2>\n\n<div class=\"wp-block-columns is-layout-flex wp-container-core-columns-is-layout-60cbf9bb wp-block-columns-is-layout-flex\" style=\"margin-top: 50px;\">\n<div class=\"wp-block-column is-layout-flow wp-container-core-column-is-layout-6b73ce23 wp-block-column-is-layout-flow\">\n<figure class=\"wp-block-image aligncenter size-full\"><a href=\"https:\/\/postgrados.ubiobio.cl\/Becas\/\"><img fetchpriority=\"high\" decoding=\"async\" width=\"225\" height=\"225\" class=\"wp-image-336\" src=\"https:\/\/mcia.ubiobio.cl\/wp-content\/uploads\/2025\/08\/images-1.jpg\" alt=\"\" srcset=\"https:\/\/mcia.ubiobio.cl\/wp-content\/uploads\/2025\/08\/images-1.jpg 225w, https:\/\/mcia.ubiobio.cl\/wp-content\/uploads\/2025\/08\/images-1-150x150.jpg 150w\" sizes=\"(max-width: 225px) 100vw, 225px\" \/><\/a><\/figure>\n\n<h3 class=\"wp-block-heading\" style=\"margin-top: 16px; text-align: center;\">Becas<\/h3>\n\n<p style=\"padding-left: 40px;\">Becas de arancel y manutenci\u00f3n, Becas de asistencia a eventos cient\u00edficos nacional e internacional, Beca de investigaci\u00f3n, entre otras.<\/p>\n<\/div>\n\n<div class=\"wp-block-column is-layout-flow wp-container-core-column-is-layout-6b73ce23 wp-block-column-is-layout-flow\">\n<figure class=\"wp-block-image aligncenter size-full\"><a href=\"https:\/\/mcia.ubiobio.cl\/?page_id=136\"><img decoding=\"async\" class=\"wp-image-337\" src=\"https:\/\/mcia.ubiobio.cl\/wp-content\/uploads\/2025\/08\/MALLA_MCIA.png\" alt=\"\" width=\"563\" height=\"273\" srcset=\"https:\/\/mcia.ubiobio.cl\/wp-content\/uploads\/2025\/08\/MALLA_MCIA.png 949w, https:\/\/mcia.ubiobio.cl\/wp-content\/uploads\/2025\/08\/MALLA_MCIA-300x146.png 300w, https:\/\/mcia.ubiobio.cl\/wp-content\/uploads\/2025\/08\/MALLA_MCIA-768x373.png 768w\" sizes=\"(max-width: 563px) 100vw, 563px\" \/><\/a><\/figure>\n\n<h3 class=\"wp-block-heading\" style=\"margin-top: 16px; text-align: center;\">Plan de estudio<\/h3>\n\n<p style=\"padding-left: 40px;\">El plan de estudio esta adecuado para puedas ejercer en centros de investigaci\u00f3n, universidades, industrias que posean unidades de innovaci\u00f3n y desarrollo de productos.<\/p>\n<\/div>\n\n<div class=\"wp-block-column is-layout-flow wp-container-core-column-is-layout-6b73ce23 wp-block-column-is-layout-flow\">\n<figure class=\"wp-block-image aligncenter size-full\"><a href=\"https:\/\/mcia.ubiobio.cl\/?page_id=132\"><img decoding=\"async\" class=\"wp-image-338\" src=\"https:\/\/mcia.ubiobio.cl\/wp-content\/uploads\/2025\/08\/473130074_1042362624573036_6261076015813657753_n.jpg\" alt=\"\" width=\"548\" height=\"291\" srcset=\"https:\/\/mcia.ubiobio.cl\/wp-content\/uploads\/2025\/08\/473130074_1042362624573036_6261076015813657753_n.jpg 960w, https:\/\/mcia.ubiobio.cl\/wp-content\/uploads\/2025\/08\/473130074_1042362624573036_6261076015813657753_n-300x159.jpg 300w, https:\/\/mcia.ubiobio.cl\/wp-content\/uploads\/2025\/08\/473130074_1042362624573036_6261076015813657753_n-768x407.jpg 768w\" sizes=\"(max-width: 548px) 100vw, 548px\" \/><\/a><\/figure>\n\n<h3 class=\"wp-block-heading\" style=\"margin-top: 16px; text-align: center;\">Acad\u00e9micos<\/h3>\n\n<p style=\"text-align: left;\">Los acad\u00e9micos de nuestro programa cuentan con experiencia nacional e internacional, con grandes equipos de trabajo y la infraestructura necesaria para que puedas desarrollar t\u00fa \u00e1rea de investigaci\u00f3n.<\/p>\n<\/div>\n<\/div>\n<\/div>\n\n<div id=\"about\" class=\"wp-block-group alignfull has-ast-global-color-5-background-color has-background is-layout-constrained wp-container-core-group-is-layout-f37b4175 wp-block-group-is-layout-constrained\" style=\"padding-top: 40px; padding-bottom: 40px;\">\n<div class=\"wp-block-media-text has-media-on-the-right is-stacked-on-mobile is-vertically-aligned-center\">\n<div class=\"wp-block-media-text__content\">\n<div class=\"inherit-container-width wp-block-group is-layout-constrained wp-container-core-group-is-layout-47ce07ec wp-block-group-is-layout-constrained\" style=\"padding-right: 80px;\">\n<h2 class=\"wp-block-heading\" style=\"padding-right: 40px; padding-left: 40px;\">Noticias<\/h2>\n\n<p style=\"padding-left: 40px;\">Felicitamos a la <em><strong>Srta. Marcia Cabrera P\u00e9rez<\/strong><\/em>, nuestra primera graduada del a\u00f1o 2025.<\/p>\n\n<p style=\"padding-left: 40px;\">Titulo de tesis: <strong><em>\u201c<\/em><\/strong><strong><em>Obtenci\u00f3n de polvos microencapsulados con incorporaci\u00f3n de muc\u00edlago de ch\u00eda a partir de extractos acuosos de zanahoria, betarraga y espinaca con alto contenido de compuestos bioactivos y microbiol\u00f3gicamente seguros<\/em><\/strong><strong><em>\u201d.<\/em><\/strong><\/p>\n<\/div>\n<\/div>\n<figure class=\"wp-block-media-text__media\"><a href=\"https:\/\/mcia.ubiobio.cl\/?page_id=32\"><img loading=\"lazy\" decoding=\"async\" width=\"689\" height=\"798\" class=\"wp-image-341 size-full\" src=\"https:\/\/mcia.ubiobio.cl\/wp-content\/uploads\/2025\/08\/ed81530e-ba75-42af-81bb-f174d6fe40a52.jpg\" alt=\"\" srcset=\"https:\/\/mcia.ubiobio.cl\/wp-content\/uploads\/2025\/08\/ed81530e-ba75-42af-81bb-f174d6fe40a52.jpg 689w, https:\/\/mcia.ubiobio.cl\/wp-content\/uploads\/2025\/08\/ed81530e-ba75-42af-81bb-f174d6fe40a52-259x300.jpg 259w\" sizes=\"(max-width: 689px) 100vw, 689px\" \/><\/a><\/figure>\n<\/div>\n<\/div>\n\n<div id=\"reviews\" class=\"wp-block-group alignfull has-ast-global-color-4-background-color has-background is-layout-constrained wp-container-core-group-is-layout-6d6486c8 wp-block-group-is-layout-constrained\">\n<figure><\/figure>\n<br \/>\n<figure class=\"wp-block-image aligncenter size-full is-resized\"><img loading=\"lazy\" decoding=\"async\" width=\"2048\" height=\"2048\" class=\"wp-image-344\" style=\"width: 158px; height: auto;\" src=\"https:\/\/mcia.ubiobio.cl\/wp-content\/uploads\/2025\/08\/Jose-Miguel-Bastias-Montes-2048x2048-2.jpg\" alt=\"\" srcset=\"https:\/\/mcia.ubiobio.cl\/wp-content\/uploads\/2025\/08\/Jose-Miguel-Bastias-Montes-2048x2048-2.jpg 2048w, https:\/\/mcia.ubiobio.cl\/wp-content\/uploads\/2025\/08\/Jose-Miguel-Bastias-Montes-2048x2048-2-300x300.jpg 300w, https:\/\/mcia.ubiobio.cl\/wp-content\/uploads\/2025\/08\/Jose-Miguel-Bastias-Montes-2048x2048-2-1024x1024.jpg 1024w, https:\/\/mcia.ubiobio.cl\/wp-content\/uploads\/2025\/08\/Jose-Miguel-Bastias-Montes-2048x2048-2-150x150.jpg 150w, https:\/\/mcia.ubiobio.cl\/wp-content\/uploads\/2025\/08\/Jose-Miguel-Bastias-Montes-2048x2048-2-768x768.jpg 768w, https:\/\/mcia.ubiobio.cl\/wp-content\/uploads\/2025\/08\/Jose-Miguel-Bastias-Montes-2048x2048-2-1536x1536.jpg 1536w\" sizes=\"(max-width: 2048px) 100vw, 2048px\" \/><\/figure>\n\n<p class=\"has-text-align-center\" style=\"font-size: 22px; line-height: 1.6;\">\u201cEl programa fortalece competencias investigativas y tecnol\u00f3gicas avanzadas en ciencias e ingenier\u00eda de alimentos, permitiendo al graduado contribuir al desarrollo cient\u00edfico y a la innovaci\u00f3n en la industria alimentaria.\u201d<\/p>\n\n<p class=\"has-text-align-center\">Director del programa: <strong>Dr. Jose Miguel Bast\u00edas<\/strong><\/p>\n<\/div>\n\n<div class=\"wp-block-group alignfull has-ast-global-color-5-background-color has-background is-layout-constrained wp-container-core-group-is-layout-9cedb757 wp-block-group-is-layout-constrained\" style=\"padding-bottom: 0px;\">\n<div class=\"wp-block-columns are-vertically-aligned-top is-layout-flex wp-container-core-columns-is-layout-00723822 wp-block-columns-is-layout-flex\">\n<div class=\"wp-block-column is-vertically-aligned-top is-layout-flow wp-container-core-column-is-layout-6b73ce23 wp-block-column-is-layout-flow\">\n<div id=\"whyus\" class=\"wp-block-group alignfull\" style=\"padding-top: 144px; padding-bottom: 144px;\">\n<h2 class=\"wp-block-heading\" style=\"padding-left: 40px;\">Otras paginas de interes<\/h2>\n\n<div class=\"wp-block-columns is-layout-flex wp-container-core-columns-is-layout-29aadeec wp-block-columns-is-layout-flex\" style=\"margin-top: 60px;\">\n<div class=\"wp-block-column is-layout-flow wp-container-core-column-is-layout-6b73ce23 wp-block-column-is-layout-flow\">\n<figure class=\"wp-block-image size-large\" style=\"padding-left: 40px;\"><img decoding=\"async\" class=\"wp-image-162 aligncenter\" src=\"http:\/\/mcia.ubiobio.cl\/wp-content\/themes\/astra\/inc\/assets\/images\/starter-content\/passionate.svg\" alt=\"\" \/><\/figure>\n\n<h3 class=\"wp-block-heading\" style=\"text-align: center; margin-top: 16px; margin-left: 16px; padding-left: 40px;\">Universidad del B\u00edo B\u00edo<\/h3>\n\n<p class=\"has-ast-global-color-2-color has-text-color has-link-color wp-elements-b4ee250d3410b0271b007eb149b59fc7\" style=\"text-align: center; padding-left: 40px;\">Conoce m\u00e1s de nuestra universidad haciendo clic <a href=\"https:\/\/www.ubiobio.cl\/w\/\">aqu\u00ed<\/a><\/p>\n<\/div>\n\n<div class=\"wp-block-column is-layout-flow wp-container-core-column-is-layout-6b73ce23 wp-block-column-is-layout-flow\">\n<figure class=\"wp-block-image size-large\"><img decoding=\"async\" class=\"wp-image-163 aligncenter\" src=\"http:\/\/mcia.ubiobio.cl\/wp-content\/themes\/astra\/inc\/assets\/images\/starter-content\/professional.svg\" alt=\"\" \/><\/figure>\n\n<h3 class=\"wp-block-heading \" style=\"text-align: center; margin-top: 16px;\">Doctorado en ingenir\u00eda de alimentos<\/h3>\n\n<p class=\"has-ast-global-color-2-color has-text-color has-link-color wp-elements-cde4fa3be29ffe9ddb522ffd9131ef2b\" style=\"text-align: center;\">Nuestro departamento tambi\u00e9n cuenta con el programa doctoral de ingenier\u00eda de alimentos. Haz clic <a href=\"https:\/\/doc-ia.ubiobio.cl\/\">aqu\u00ed<\/a> para m\u00e1s informaci\u00f3n.<\/p>\n<\/div>\n\n<div class=\"wp-block-column is-layout-flow wp-container-core-column-is-layout-6b73ce23 wp-block-column-is-layout-flow\">\n<figure class=\"wp-block-image size-large\"><img decoding=\"async\" class=\"wp-image-164 aligncenter\" src=\"http:\/\/mcia.ubiobio.cl\/wp-content\/themes\/astra\/inc\/assets\/images\/starter-content\/support.svg\" alt=\"\" \/><\/figure>\n\n<h3 class=\"wp-block-heading\" style=\"margin-top: 16px; text-align: center;\">Cont\u00e1ctanos<\/h3>\n\n<p style=\"text-align: center;\">Asistente ejecutiva: Patricia Mardones<br \/>Correo electr\u00f3nico: mcia@ubiobio.cl<br \/>Tel\u00e9fono: 422463174<\/p>\n<\/div>\n<\/div>\n<\/div>\n<\/div>\n<\/div>\n<\/div>\t\t\t\t\t\t\t\t<\/div>\n\t\t\t\t\t<\/div>\n\t\t\t\t<\/div>\n\t\t\t\t<\/div>\n\t\t","protected":false},"excerpt":{"rendered":"<p>Haz click aqu\u00ed Ficha Inscripci\u00f3n \u00a0 Acad\u00e9micos del m\u00e1s alto nivel Acad\u00e9micos con m\u00e1s de 30 a\u00f1os de experiencia nacional e internacional. Amplia cantidad de becas Contamos con gran cantidad de becas internas. Diversas \u00e1reas de investigaci\u00f3n en alimentos Ciencia de los alimentos; valorizaci\u00f3n de biorresiduos, tecnolog\u00edas emergentes, etc. \u00a0 Acreditado Programa acreditado 6 a\u00f1os [&hellip;]<\/p>\n","protected":false},"author":1,"featured_media":0,"parent":0,"menu_order":0,"comment_status":"closed","ping_status":"closed","template":"","meta":{"site-sidebar-layout":"no-sidebar","site-content-layout":"plain-container","ast-site-content-layout":"normal-width-container","site-content-style":"unboxed","site-sidebar-style":"default","ast-global-header-display":"","ast-banner-title-visibility":"","ast-main-header-display":"","ast-hfb-above-header-display":"","ast-hfb-below-header-display":"","ast-hfb-mobile-header-display":"","site-post-title":"disabled","ast-breadcrumbs-content":"","ast-featured-img":"","footer-sml-layout":"","theme-transparent-header-meta":"default","adv-header-id-meta":"","stick-header-meta":"","header-above-stick-meta":"","header-main-stick-meta":"","header-below-stick-meta":"","astra-migrate-meta-layouts":"default","ast-page-background-enabled":"default","ast-page-background-meta":{"desktop":{"background-color":"var(--ast-global-color-5)","background-image":"","background-repeat":"repeat","background-position":"center center","background-size":"auto","background-attachment":"scroll","background-type":"","background-media":"","overlay-type":"","overlay-color":"","overlay-opacity":"","overlay-gradient":""},"tablet":{"background-color":"","background-image":"","background-repeat":"repeat","background-position":"center center","background-size":"auto","background-attachment":"scroll","background-type":"","background-media":"","overlay-type":"","overlay-color":"","overlay-opacity":"","overlay-gradient":""},"mobile":{"background-color":"","background-image":"","background-repeat":"repeat","background-position":"center center","background-size":"auto","background-attachment":"scroll","background-type":"","background-media":"","overlay-type":"","overlay-color":"","overlay-opacity":"","overlay-gradient":""}},"ast-content-background-meta":{"desktop":{"background-color":"var(--ast-global-color-4)","background-image":"","background-repeat":"repeat","background-position":"center center","background-size":"auto","background-attachment":"scroll","background-type":"","background-media":"","overlay-type":"","overlay-color":"","overlay-opacity":"","overlay-gradient":""},"tablet":{"background-color":"var(--ast-global-color-4)","background-image":"","background-repeat":"repeat","background-position":"center center","background-size":"auto","background-attachment":"scroll","background-type":"","background-media":"","overlay-type":"","overlay-color":"","overlay-opacity":"","overlay-gradient":""},"mobile":{"background-color":"var(--ast-global-color-4)","background-image":"","background-repeat":"repeat","background-position":"center center","background-size":"auto","background-attachment":"scroll","background-type":"","background-media":"","overlay-type":"","overlay-color":"","overlay-opacity":"","overlay-gradient":""}},"footnotes":""},"class_list":["post-7","page","type-page","status-publish","hentry"],"_links":{"self":[{"href":"https:\/\/mcia.ubiobio.cl\/index.php?rest_route=\/wp\/v2\/pages\/7","targetHints":{"allow":["GET"]}}],"collection":[{"href":"https:\/\/mcia.ubiobio.cl\/index.php?rest_route=\/wp\/v2\/pages"}],"about":[{"href":"https:\/\/mcia.ubiobio.cl\/index.php?rest_route=\/wp\/v2\/types\/page"}],"author":[{"embeddable":true,"href":"https:\/\/mcia.ubiobio.cl\/index.php?rest_route=\/wp\/v2\/users\/1"}],"replies":[{"embeddable":true,"href":"https:\/\/mcia.ubiobio.cl\/index.php?rest_route=%2Fwp%2Fv2%2Fcomments&post=7"}],"version-history":[{"count":78,"href":"https:\/\/mcia.ubiobio.cl\/index.php?rest_route=\/wp\/v2\/pages\/7\/revisions"}],"predecessor-version":[{"id":878,"href":"https:\/\/mcia.ubiobio.cl\/index.php?rest_route=\/wp\/v2\/pages\/7\/revisions\/878"}],"wp:attachment":[{"href":"https:\/\/mcia.ubiobio.cl\/index.php?rest_route=%2Fwp%2Fv2%2Fmedia&parent=7"}],"curies":[{"name":"wp","href":"https:\/\/api.w.org\/{rel}","templated":true}]}}